{"id":50,"date":"2015-03-12T18:48:56","date_gmt":"2015-03-12T17:48:56","guid":{"rendered":"https:\/\/planungsbuero-schulz.de\/?page_id=50"},"modified":"2023-10-31T10:43:07","modified_gmt":"2023-10-31T09:43:07","slug":"unsere-kernkompetenzen-2","status":"publish","type":"page","link":"https:\/\/planungsbuero-schulz.de\/","title":{"rendered":"Unsere Kernkompetenzen"},"content":{"rendered":"\n\n\t<p>Planungsb\u00fcro G. Schulz<\/p>\n<p>Dipl.-Ing. Gunther Schulz<\/p>\n\t<h2>Unsere St\u00e4rken<\/h2>\n<h4>Kernkompetenzen<\/h4>\n<h3>\n\t\tUmweltplanung\n\t<\/h3>\n\t<ul>\n<li>Landschaftspflegerische Begleitplanung (LBP)<\/li>\n<li>Studien und Untersuchungen zur Thematik Landschaftsbild<\/li>\n<li>Umweltvertr\u00e4glichkeitsstudien (UVS)<\/li>\n<li>Emissionsschutzrechtliches Verfahren &#8211; \u00a79 BimSchG &#8211; Windenergieanlagen &#8211; Onshore<\/li>\n<li>FFH-\/SPA-Vertr\u00e4glichkeitsuntersuchungen (FFH-VP, SPA-VU)<\/li>\n<li>Umweltbericht, Umweltpr\u00fcfung (UP)<\/li>\n<li>Landschaftspflegerische Ausf\u00fchrungsplanung (LAP)<\/li>\n<li>Pflege- und Entwicklungsplanung<\/li>\n<li>\u00f6kologische Baubegleitung (\u00f6BB)<\/li>\n<li>Beratung<\/li>\n<li>Landschaftsplanung (LP)<\/li>\n<li>Baumgutachten<\/li>\n<\/ul>\n<h3>\n\t\tBauleitplanung\n\t<\/h3>\n\t<ul>\n<li>Bebauungsplanung<\/li>\n<li>Fl\u00e4chennutzungsplanung<\/li>\n<li>Solarparkplanung<\/li>\n<li>Windparkplanung<\/li>\n<li>St\u00e4dtebauliche Konzeptionen<\/li>\n<li>St\u00e4dtebauliche Entw\u00fcrfe<\/li>\n<li>St\u00e4dtebauliche Satzungen<\/li>\n<li>Beratung<\/li>\n<\/ul>\n<h3>\n\t\tLandschaftsarchitektur\n\t<\/h3>\n\t<ul>\n<li>\u00f6ffentliche Freifl\u00e4chen<\/li>\n<li>Sport- und Spielpl\u00e4tze<\/li>\n<li>Hausg\u00e4rten<\/li>\n<li>Gew\u00e4sserrenaturierung<\/li>\n<li>Park- und Gartendenkmalpflege<\/li>\n<li>Stra\u00dfenplanung<\/li>\n<li>Ausschreibung und Bau\u00fcberwachung<\/li>\n<li>VOB-Gutachten<\/li>\n<li>Projektentwicklung und Steuerung<\/li>\n<\/ul>\n<h3>\n\t\tProjektleitung\n\t<\/h3>\n\t<ul>\n<li>Genehmigungsplanung<\/li>\n<li>Site planning<\/li>\n<li>Fachgutachten<\/li>\n<\/ul>\n\t<h2>Projekte<\/h2>\n<h4>eine Auswahl<\/h4>\n\t<h3>Windpark Bargteheide<\/h3>\n\t<p>Die Stadt Bargteheide\u00a0in Schleswig-Holstein beauftragte das B\u00fcro mit der<b> Projektleitung<\/b>,\u00a0<b>Windparkdesign<\/b>\u00a0und Erarbeitung einer<b> Sichtbarkeitsanalyse<\/b> f\u00fcr den Bau von 3 Windenergieanlagen. Die Sichtbarkeitsberechnung erfolgte mit einer GIS-gest\u00fctzen Methode auf Grundlage eines digitalen Gel\u00e4ndemodells.<\/p>\n\t\n<ul>\n<li>Projektleitung Genehmigungsverfahren gem. \u00a7 4 BImSchG.<\/li>\n<li>Windparkdesign<\/li>\n<li>Sichtbarkeitsanalyse<\/li>\n<\/ul>\n\t<h3>Windpark Burgwald (Hessen)<\/h3>\n\tIm Rahmen der Antragsstellung f\u00fcr die Errichtung von 5 Windenergieanlagen mit jeweils einer Gesamth\u00f6he von 196 m ab OKG wurden in der Gemeinde Burgwald (Nordhessen) f\u00fcr die Beurteilung des Eingriffes in das Landschaftsbild die Erstellung einer 3-D-Darstellung mit verschiedenen Perspektiven erarbeitet. Das vom Land Hessen ausgewiesene Windeignungsgebiet (ca.700 ha) hat H\u00f6hendifferenzen von ca. max. 150 m.\n\t\n<ul>\n<li>Projektleitung \u00a7 4 BImSchG<\/li>\n<li>3D-Darstellung Eingriff in das Landschaftsbild<\/li>\n<\/ul>\n\t<code><a id=\"69e266887a32b\" rel=\"wp-video-lightbox\" href=\"https:\/\/vimeo.com\/122299401?width=640&#038;height=480\" title=\"\"><div class=\"wpvl_auto_thumb_box_wrapper\"><div class=\"wpvl_auto_thumb_box\"><img src=\"https:\/\/i.vimeocdn.com\/video\/511164347-57f13f1bc7e45fc7beb7631ba4defdc67bb3785cd4ed000bae964715884f73be-d_640?region=us\" class=\"video_lightbox_auto_anchor_image\" alt=\"\" \/><div class=\"wpvl_auto_thumb_play\"><img src=\"https:\/\/planungsbuero-schulz.de\/wp-content\/plugins\/wp-video-lightbox\/images\/play.png\" class=\"wpvl_playbutton\" \/><\/div><\/div><\/div><\/a>    <script>\r\n    \/* <![CDATA[ *\/\r\n    jQuery(document).ready(function($){\r\n        $(function(){\r\n            var width = $(window).innerWidth();\r\n            var setwidth = parseFloat(640);\r\n            var ratio = parseFloat(0.75);\r\n            var height = parseFloat(480);\r\n            var link = 'https:\/\/vimeo.com\/122299401?width=640&amp;height=480';\r\n            if(width < setwidth)\r\n            {\r\n                height = Math.floor(width * 0.75);\r\n                \/\/console.log(\"device width \"+width+\", set width \"+640+\", ratio \"+0.75+\", new height \"+ height);\r\n                var new_url = wpvl_paramReplace('width', link, width);\r\n                var new_url = wpvl_paramReplace('height', new_url, height);\r\n                $(\"a#69e266887a32b\").attr('href', new_url);\r\n                \/\/console.log(new_url);\r\n            }\r\n        });\r\n    });\r\n    \/* ]]> *\/\r\n    <\/script><\/code>\n\t<h3>Raumanalyse Windeignungsfl\u00e4chen Uckermark-Barnim (Brandenburg)<\/h3>\n\t<p>Im Bereich der Regionalen Planungsgemeinschaft Uckermark-Barnim (Brandenburg) wurde eine Raumanalyse zur Bestimmung von Wei\u00dffl\u00e4chen f\u00fcr potenzielle Windenergieanlagenstandorte anhand eines vorgegebenen Kriterienkataloges der Regionalen Planungsgemeinschaft ermittelt. Dabei werden die Wei\u00dffl\u00e4chen in folgende Kategorien eingeteilt:<\/p>\n<ul>\n<li>Vorranggebiet<\/li>\n<li>Vorbehaltsgebiet<\/li>\n<li>Eignungsgebiete<\/li>\n<\/ul>\n<p>Die Ermittlung der Wei\u00dffl\u00e4chen f\u00fcr die Planungsregion Uckermark-Barnim tragen unterschiedlichen raumordnerischen Erfordernissen (z.B. Natur- und Landschaftsschutz, st\u00e4dtebauliche Kriterien, vorsorgender Immissionsschutz etc.) Rechnung. Es wird dabei um weiche und harte Kriterien unterschieden. Ziel der Analyse ist die Darstellung von Positivfl\u00e4chen f\u00fcr k\u00fcnftige Windparks.<\/p>\n\t\n<ul>\n<li>Wei\u00dffl\u00e4chenermittlung<\/li>\n<\/ul>\n\t<h3>Ferienpark Zierow<\/h3>\n\t<p>Die Gemeinde Zierow in Mecklenburg-Vorpommern an der Ostsee stellt einen B-Plan mit UVS, GOP, SPA-VUE auf. Die B-Planung einschlie\u00dflich der gesamten v. g. Umweltplanung wurde durch das Planungsb\u00fcro G. Schulz ausgef\u00fchrt. F\u00fcr das Sondergebiet Ferienhausgebiet wurden H\u00e4user mit Reetd\u00e4cher festgesetzt. Zurzeit werden dort H\u00e4user mit Reetdachdeckung errichtet. Plangebietsgr\u00f6\u00dfe ca. 16 ha.<\/p>\n\t\n<ul>\n<li>Bebauungsplan<\/li>\n<li>Umweltvertr\u00e4glichkeitsstudie<\/li>\n<li>FFH-Vertr\u00e4glichkeitsuntersuchung<\/li>\n<li>Landschaftspflegerischen Begleitplan mit Ausf\u00fchrungsplanung<\/li>\n<li>Unterst\u00fctzung der Kommune der Beteiligung Tr\u00e4ger \u00f6ffentlicher Belange gem. \u00a7 4 Abs. 4 Baugesetzbuch<\/li>\n<\/ul>\n\t\t\t\t<a href=\"https:\/\/planungsbuero-schulz.de\/wp-content\/uploads\/2015\/04\/bplanuslegung2.png\" target=\"_self\" itemprop=\"url\" rel=\"noopener\">\n\t\t\t\t<img loading=\"lazy\" src=\"https:\/\/planungsbuero-schulz.de\/wp-content\/uploads\/2015\/04\/bplanuslegung2.png\" alt=\"bplanuslegung2\" itemprop=\"image\" height=\"4959\" width=\"7017\" title=\"bplanuslegung2\" onerror=\"this.style.display='none'\"  \/>\n\t\t\t\t<\/a>\n\t<h2>Mitgliedschaften<\/h2>\n\t<h4><a href=\"http:\/\/www.architektenkammer-mv.de\/\" target=\"_blank\" rel=\"noopener\">Architektenkammer Mecklenburg-Vorpommern<\/a><\/h4>\n\n\t<h4><a href=\"https:\/\/www.ihkzuschwerin.de\/\">IHK Schwerin<\/a><\/h4>\n\n<p>&nbsp;<\/p>\n<p>&nbsp;<\/p>\n\t<h2>Kontakt<\/h2>\n<h4>Impressum<\/h4>\n\tPlanungsb\u00fcro G. Schulz\nDipl.-Ing. Gunther Schulz\nAn der Pferdekoppel 3\n23972 Dorf Mecklenburg OT Moidentin\nTel.\/Fax: 03841 \/ 6206611\n\n\t\t\t<a href=\"https:\/\/planungsbuero-schulz.de\/?page_id=286\" target=\"_blank\" role=\"button\" rel=\"noopener\">\n\t\t\t\t\t\tDatenschutzerkl\u00e4rung\n\t\t\t\t\t<\/a>\n\n","protected":false},"excerpt":{"rendered":"<p>Planungsb\u00fcro G. Schulz Dipl.-Ing. Gunther Schulz Unsere St\u00e4rken Kernkompetenzen Umweltplanung Landschaftspflegerische Begleitplanung (LBP) Studien und Untersuchungen zur Thematik Landschaftsbild Umweltvertr\u00e4glichkeitsstudien (UVS) Emissionsschutzrechtliches Verfahren &#8211; \u00a79 BimSchG &#8211; Windenergieanlagen &#8211; Onshore FFH-\/SPA-Vertr\u00e4glichkeitsuntersuchungen (FFH-VP, SPA-VU) Umweltbericht, Umweltpr\u00fcfung (UP) Landschaftspflegerische Ausf\u00fchrungsplanung (LAP) Pflege- und Entwicklungsplanung \u00f6kologische Baubegleitung (\u00f6BB) Beratung Landschaftsplanung (LP) Baumgutachten Bauleitplanung Bebauungsplanung Fl\u00e4chennutzungsplanung Solarparkplanung Windparkplanung St\u00e4dtebauliche [&hellip;]<\/p>\n","protected":false},"author":1,"featured_media":0,"parent":0,"menu_order":0,"comment_status":"closed","ping_status":"closed","template":"custom-page.php","meta":[],"_links":{"self":[{"href":"https:\/\/planungsbuero-schulz.de\/index.php?rest_route=\/wp\/v2\/pages\/50"}],"collection":[{"href":"https:\/\/planungsbuero-schulz.de\/index.php?rest_route=\/wp\/v2\/pages"}],"about":[{"href":"https:\/\/planungsbuero-schulz.de\/index.php?rest_route=\/wp\/v2\/types\/page"}],"author":[{"embeddable":true,"href":"https:\/\/planungsbuero-schulz.de\/index.php?rest_route=\/wp\/v2\/users\/1"}],"replies":[{"embeddable":true,"href":"https:\/\/planungsbuero-schulz.de\/index.php?rest_route=%2Fwp%2Fv2%2Fcomments&post=50"}],"version-history":[{"count":95,"href":"https:\/\/planungsbuero-schulz.de\/index.php?rest_route=\/wp\/v2\/pages\/50\/revisions"}],"predecessor-version":[{"id":320,"href":"https:\/\/planungsbuero-schulz.de\/index.php?rest_route=\/wp\/v2\/pages\/50\/revisions\/320"}],"wp:attachment":[{"href":"https:\/\/planungsbuero-schulz.de\/index.php?rest_route=%2Fwp%2Fv2%2Fmedia&parent=50"}],"curies":[{"name":"wp","href":"https:\/\/api.w.org\/{rel}","templated":true}]}}